n divisor of v and 128.
32
Let y = -33484 - -34249. What is the greatest common factor of y and 65?
5
Suppose v - 2*v = -8. Let d be (-9)/(-6)*(3 - 1) - 5. Let h(m) = -2*m**3 - 3*m**2 - m + 2. Let p be h(d). Calculate the greatest common factor of p and v.
8
Let c = -127 + 130. Suppose c*h + 2*l - 130 = 0, 2*h + l - 82 = 2*l. Let q = 25 - 13. What is the greatest common divisor of h and q?
6
Let f = -3350 - -3623. What is the highest common divisor of f and 104?
13
Suppose -163 = -5*h - 98. Suppose -d = -0*d. Let m = d - -13. Calculate the highest common factor of h and m.
13
Let l be (-3 - 0)*(-58)/3. Suppose 0 = 4*r - l - 54. Let a be (-28)/56 - (-45)/6. What is the greatest common factor of a and r?
7
Suppose -8*l + 3*l = 15. Let n be l + 148/259 + (-244)/(-14). Calculate the greatest common factor of n and 33.
3
Let j = -29 + 29. Suppose -13*t + 656 = -9*t - 2*n, j = -2*n + 4. What is the greatest common divisor of t and 105?
15
Let t be ((-24)/(-60))/(2/170). Let d be 509 + 5 + 2/(-3)*6. What is the greatest common divisor of t and d?
34
Suppose -2065*n + 2080*n - 11681 + 3851 = 0. What is the greatest common factor of n and 486?
18
Let n = 261 - 261. Suppose p + q - 62 + 0 = n, 0 = -5*p - 4*q + 312. Suppose -18 = 2*w - 50. Calculate the greatest common factor of w and p.
16
Let c = 31 - 16. Let r = -14959 + 15099. Calculate the highest common divisor of r and c.
5
Let i(g) = -g**3 + 12*g**2 + 16*g - 201. Let h be i(11). What is the highest common factor of h and 138?
6
Let v be (-21)/28 + (-45848)/(-32). What is the greatest common factor of v and 8?
8
Let q = -439 - -439. Let j(l) = -21*l + 192. Let r be j(q). Calculate the greatest common divisor of 24 and r.
24
Let f = -6035 + 10367. What is the greatest common factor of 19 and f?
19
Suppose 2*l - 52 = 48. Let u(j) = -10*j + 400. Let p be u(29). Calculate the highest common divisor of l and p.
10
Suppose k + 58 = 5*o, -4*k - 398 = k + 2*o. Let i = k + 142. Let p = 14440 - 14424. What is the greatest common divisor of i and p?
16
Suppose 131*q - 229620 = 46*q - 44*q. Calculate the highest common divisor of q and 60.
20
Let t be (-14762)/(-77) + (-2)/(-7). Let p = 248 - 224. What is the greatest common divisor of p and t?
24
Let l = 6 - 5. Let o be l + 21*3/3. Let b be (2/2)/((-2)/(-220)). Calculate the highest common divisor of o and b.
22
Suppose 7*b = 2926 - 434. Let a = b + -167. What is the highest common factor of 315 and a?
63
Let h = 609 + -608. Let q be ((-65)/(-15) - 4)/(h/12). Calculate the greatest common factor of q and 12.
4
Let s be (-8 + 2148/9)/((-4)/(-6)). Let y = s + -90. Let h(l) = -l**3 - 6*l**2 + l - 10. Let r be h(-7). What is the highest common factor of y and r?
32
Suppose -23*r + 280 = 15*r - 328. Calculate the highest common factor of r and 2000.
16
Let k(j) = -4 - 2 + 44*j - 27*j + j**2. Let p be k(9). What is the highest common factor of 12 and p?
12
Let q = 26 + -23. Let p be -6 + 2 - -10*q. Suppose 5*b = -0*a + a + 23, 4*b = -3*a + p. What is the greatest common factor of 20 and b?
5
Let g be 9096/32 - (-6)/8. Suppose -38*b = -39*b + g. Calculate the highest common divisor of b and 19.
19
Suppose -d + 2*o + 5844 = 0, 0 = 5*d - 113*o + 117*o - 29262. What is the highest common factor of 60 and d?
30
Let a = -12 + 54. Let q be 1 - ((-24)/28)/(1/(-7)). Let h(g) = -9*g - 17. Let c be h(q). What is the greatest common divisor of a and c?
14
Let y = 373 - 348. Suppose -2*q = 3*q - y. What is the greatest common factor of q and 55?
5
Suppose 4*x - 210 = -4*q + 3*x, 4*q - 216 = -4*x. Suppose f + 10*f - 143 = 0. What is the greatest common factor of f and q?
13
Suppose 30*t - 420 = -y + 28*t, -1705 = -4*y - 3*t. Calculate the greatest common divisor of y and 5246.
86
Let x(q) = 11*q + 15. Let h be x(0). Suppose y = 2*d + 20, 5*y - 18*d - 65 = -h*d. Calculate the greatest common divisor of 5 and y.
5
Let g(p) = 229*p - 231. Let o be g(3). What is the greatest common factor of 312 and o?
24
Suppose 4*i = 16, 2*z + 6*i - 6 = 4*i. Let m be (-6)/(4 - (1 - z))*-3. Let b(g) = 2*g**2 - 1. Let c be b(1). Calculate the greatest common divisor of c and m.
1
Let q(u) = -21*u - 9*u + 9*u - 12*u. Let r be q(-2). Suppose j - r = -5*j. Calculate the greatest common divisor of j and 11.
11
Let s = -2811 + 2846. Calculate the greatest common divisor of s and 7.
7
Let r be (2/(-6))/(7/(-42)*-2). Let a be r + ((-1210)/(-25) - 15/(-25)). What is the greatest common divisor of a and 42?
6
Suppose 55536 = -11*n - 15*n. Let h = -1072 - n. What is the greatest common factor of h and 19?
19
Suppose 2*c = c - 10. Let w = 1 + c. Let y(g) = -13*g - 29. Let i be y(w). What is the highest common factor of 11 and i?
11
Suppose 15*d + 344 - 1874 = 0. What is the highest common factor of 102 and d?
102
Let g = 11469 - 11466. Let m(k) = 18*k. Let d be m(3). Suppose -2*b - 37 = -4*l + 17, 5*l = -2*b + d. Calculate the greatest common divisor of g and l.
3
Let w(m) = -m**3 + 4*m**2 - 4. Let g be w(-4). Let h be (-162 - -7)*(-84)/140. Calculate the greatest common factor of h and g.
31
Let v be 30 + (2173/689 - (-2)/(-13)). Calculate the greatest common divisor of 957 and v.
33
Let n = 49 - 83. Let a = 36 + n. Suppose 5*d - k + 2*k - 586 = 0, 0 = -3*d + a*k + 349. What is the greatest common factor of d and 9?
9
Let n be 33/44 + 27/12. Suppose -n*t = -10 - 2. What is the greatest common divisor of t and 74?
2
Let w(x) = 8*x**2 + 74*x - 200. Let m be w(22). Calculate the highest common factor of 300 and m.
100
Suppose -5*k = -1375 - 2190. What is the highest common factor of 23 and k?
23
Let p = 2172 + -1758. What is the greatest common factor of p and 198?
18
Suppose 3*p - 10 = -2*p. Let k(q) = 10*q + 6 - 14 + 3. Let w be k(p). Calculate the greatest common divisor of w and 15.
15
Suppose 16 = 17*m - 18. Suppose -m*p = 78 - 132. What is the highest common divisor of 297 and p?
27
Let g(u) = 4*u**3 - 3*u - 3. Let q be g(3). Let x(p) = 74*p - 1506. Let y be x(21). What is the highest common factor of q and y?
48
Let g be 3/2 - (-10)/4. Suppose -3*a + 5*f = -2, g*f - 2*f - 12 = -2*a. Suppose a*x + 61 = 285. What is the highest common divisor of 84 and x?
28
Let m(f) = f**3 - 15*f**2 + 244. Let c be m(0). Calculate the highest common factor of c and 427.
61
Let x be 14/21*(1 + 32). What is the greatest common divisor of x and 781?
11
Let n = 651 + -347. Let s = -275 + n. What is the highest common factor of 29 and s?
29
Suppose 0 = 4*j - 9*j - 20, j - 59 = -k. Let u be (-22)/(-6) + (-42)/k. Calculate the highest common divisor of u and 4.
1
Let r = 36570 - 36442. Calculate the highest common factor of r and 5408.
32
Let h(u) = 8*u**2 + 7*u - 8. Let p be h(-6). Let l be (-1431 - -3)/(-6) + -1. Let f be -2 - ((-4)/20 - l/15). Calculate the greatest common factor of f and p.
14
Let k = -93 + 93. Suppose -g + 4*g + 246 = k. Let i = g + 122. What is the highest common factor of 280 and i?
40
Let n = 5 - -10. Suppose 0 = -3*u - 21, 18*c - 16*c = -4*u + 2. What is the greatest common factor of c and n?
15
Suppose 0 = -4*n + 4*j + 3060, 67*j - 66*j + 4560 = 6*n. Suppose -3*z = -83 - 124. Calculate the highest common divisor of z and n.
69
Let m = -41 - -58. Suppose 13 = -2*h + m. Suppose -5*i + 3*t = -2*t - 60, 0 = -i - h*t. Calculate the highest common factor of i and 56.
8
Let b be (-6)/(-10)*-1 - 456/(-10). Suppose -g = 6*h - 2*h - 14, 36 = 3*g + 6*h. What is the greatest common factor of b and g?
5
Let p(d) = -d + 40. Suppose 3*i - 2*k + 57 = 0, -i - 3*i + 2*k = 74. Let y be p(i). What is the greatest common factor of 3 and y?
3
Suppose 0 = -3*m - 11*h + 12*h - 9, -5*m - 25 = -5*h. Let l be (9/18)/(2*m/(-168)). Calculate the greatest common factor of l and 133.
7
Suppose -27 - 50 = -7*h. Let q = -8 + h. Let l be ((-14)/q)/(16/(-72)). Calculate the highest common factor of 6 and l.
3
Let s be (-18)/(-3) - 6 - (0 + -1). Suppose f - 8 = s. What is the highest common divisor of f and 216?
9
Let n be (924/(-30))/((-10)/50). What is the greatest common divisor of n and 322?
14
Let p(l) = 3*l + 45. Let j(m) = m**2 - 19*m + 79. Let z be j(11). Let y be p(z). What is the greatest common factor of 558 and y?
18
Suppose j - 1387 = -i + 6*i, 5548 = 4*j + 3*i. Suppose -107 = p - j. Suppose -6*u + p = 2*u. Calculate th